ond derivative of -1/4*v**4 - v**3 + 0*v**2 + 0 - 484*v. Let y = -1 + -3. Determine x(y).
-24
Let f(i) = -i**2 + 1. Let q = 134 - 103. Let v = 18 - q. Let g = 13 + v. Determine f(g).
1
Let h(r) be the second derivative of -101 - r - 7/6*r**3 - 7/2*r**2 - 1/12*r**4. Calculate h(-6).
-1
Let t(l) = 4*l - 168 + 4*l**2 + l**3 + 77 - l + 84 - 5*l. Determine t(-6).
-67
Suppose -50*h + 530*h = -14400. Let m(a) = a**3 + 29*a**2 - 30*a + 2. Determine m(h).
2
Let k be 12*(-10 - (-1 + 26/(-3))). Let l(b) = 2 - 3 + 0 - 2*b - b. Calculate l(k).
11
Let m(n) be the third derivative of 3/8*n**4 - 1 - 11/6*n**3 + 11*n**2 + 0*n - 3/20*n**5 - 1/120*n**6. Calculate m(-10).
-1
Let i(f) be the first derivative of f**4/4 + 3*f**3 - 48*f - 6320. What is i(-8)?
16
Let d(v) = 11*v**2 + 39*v - 55. Let k(n) = -26*n**2 - 78*n + 117. Let m(q) = -9*d(q) - 4*k(q). Calculate m(7).
-1
Let b(f) = -12*f - 174 + 565 - 394. Determine b(-3).
33
Let s(f) be the third derivative of -19*f**4/24 - 3*f**3/2 + 2294*f**2. What is s(5)?
-104
Let a(y) be the second derivative of -1/20*y**6 + 0*y**4 - 12*y + 0 + 18*y**2 + 0*y**5 + 0*y**3. Let o(b) be the first derivative of a(b). Give o(-1).
6
Let u(o) = o**3 + 15*o**2 + 8*o - 4. Let m be u(-12). Let g = m + -210. Let c(i) = g - 247 - 4*i + 125 + 2*i**2. Calculate c(3).
6
Let w(p) = -p**2 + 7*p + 2. Let g = -6215 - -6209. Give w(g).
-76
Let o(m) = m + 7. Suppose 10*s + 340 = 27*s. Let q = -12 - -25. Let d = q - s. Calculate o(d).
0
Let c(l) = l**3 + 6*l**2 + l + 1. Let h be ((-3402)/28)/(6/(-56)). Suppose -8*u - h + 1094 = 0. Give c(u).
21
Suppose r = -4*r, 12 = -2*v - 5*r. Let w(k) = -3*k. Give w(v).
18
Let q(s) = 5*s + 11. Let l(n) = -2*n - 4. Let k(f) = -8*l(f) - 3*q(f). Let x(h) = 7*h**3 + 44*h**2 - 10*h - 139. Let w be x(-6). Determine k(w).
-8
Let d(b) = 90989 + 5*b + 21*b + 3*b - 90548 + 20*b. What is d(-9)?
0
Suppose -2*z + 9*x - 9 = 14*x, 5*z = -x + 12. Let j(f) be the third derivative of 1/60*f**5 + 0 + 1/8*f**4 + 0*f + 10*f**2 - 1/6*f**z. Determine j(-3).
-1
Let x(h) = h - 1. Let j be -1 + (-2164)/(-6)*(-3)/2. Let v = j + 544. What is x(v)?
1
Let f(l) = 19*l - 18. Suppose 0 = -10*w + w - 1074 + 1128. Give f(w).
96
Let i = -360185 - -360174. Let v(l) = -1. Let b(j) = j + 16. Let w(t) = b(t) + 6*v(t). Determine w(i).
-1
Let q(f) be the second derivative of -f**6/120 - 7*f**5/30 + f**4/12 + 19*f**3/6 + 2*f**2 + 6*f - 8. Let s(l) be the first derivative of q(l). Calculate s(-14).
-9
Let w(c) = -c**3 - 5*c**2 + 3*c + 5. Suppose 31 = -108*n - 379 - 22. Calculate w(n).
-23
Let d(b) = 3*b. Suppose -21 = 6*y - 2*y + 3*a, 4*y - 5*a = -29. Let m be (3 + 27/y)*2 + -3. Give d(m).
-18
Let w(z) = -z. Let q(d) = d - 1. Let a(g) = -6*q(g) - 7*w(g). Let v(h) = -17*h**2 - 1596*h + 179. Let o be v(-94). Calculate a(o).
-3
Let i(j) = -j**3 - j**2 + j - 8. Let w = 209 + -207. Suppose -g = 9*g + w*g. Give i(g).
-8
Let f(u) = u**2 + 9*u + 4. Let q be f(-7). Let r(m) = 62*m - 4. Let l(o) = 103*o - 10. Let w(p) = 3*l(p) - 5*r(p). Determine w(q).
0
Suppose 0 = 2*h - 7 - 33. Let x be (-30)/20*h/(-3). Let l be x/4*(-168)/(-70). Let y(v) = -3*v + 6. Give y(l).
-12
Suppose u - 74 = i, 93 = -i - 5*u + 19. Let k = i + 94. Suppose 9*a - k = 11*a. Let q(c) = -c**2 - 9*c + 13. Determine q(a).
3
Let k(n) = 3602*n - 7194. Let o be k(2). Let x(l) be the first derivative of l**2/2 - 3*l - 2. What is x(o)?
7
Let f(q) = 2*q + 29. Let l = -4250 - -4233. Calculate f(l).
-5
Let o(t) = -25*t + 4. Let n(m) = -53*m + 9. Let k(f) = 4*n(f) - 9*o(f). What is k(3)?
39
Suppose 4*q = 14*z - 11*z - 1271, 0 = -5*q + 5*z - 1590. Let r = -316 - q. Let y(x) = -5*x**3 + x**2. Calculate y(r).
-4
Let m(i) be the third derivative of 0*i - 53*i**2 + 1/60*i**5 - 1/3*i**3 + 1/8*i**4 + 0. Let n(h) = -h**3 - 5*h**2 - 4*h + 1. Let c be n(-3). What is m(c)?
8
Let d(z) = -5*z - 49. Suppose -155*s + 135*s - 81 - 99 = 0. What is d(s)?
-4
Let p be (12/(-234)*-26)/(4/(-18)). Let g(r) = -r**3 - 7*r**2 - 2*r - 10. Give g(p).
-34
Let w(t) = -22*t + 14. Let p be (-21)/(-6) + (297/22 - 13). What is w(p)?
-74
Let m be (-1 + 1 + -3)/(558/(-186)). Let u(q) = -197*q**3 - q + 1. Calculate u(m).
-197
Let h(p) = 45*p - 398 - 482 - 384 - 376 + 1754 + 3*p**2. Determine h(-3).
6
Let v(u) = -72*u + 61. Let t(a) = 61*a - 59. Let p(q) = 6*t(q) + 5*v(q). Determine p(11).
17
Let l(z) = 6*z**2 - 14*z. Let t(r) = -4*r**3 + 89*r**2 - 22*r + 2. Let g be t(22). Determine l(g).
-4
Let s = -45 + 46. Let g(m) = -6*m + 2. Let f(a) = -a + 1. Let z(l) = s*g(l) - 5*f(l). Suppose 4*c - 19 = -w + 2*w, -3*c = 2*w - 17. What is z(c)?
-8
Let k(q) = q**3 - 6*q**2 + 4*q - 14. Let p be ((684/(-24))/(-19))/(2/8) - 1. Calculate k(p).
-19
Let c(v) = -10*v**2 - v. Suppose -405 = 8*o - 53. Let h = 80 + o. Let y be ((-4)/6)/(h/54). Give c(y).
-9
Let y(u) = u**2 - 4*u - 4. Suppose 2*k - 175 = -3*k. Suppose 200 = -k*n + 30*n. Let c = n - -45. Give y(c).
1
Let t(h) be the third derivative of -h**6/120 - 11*h**5/20 + 37*h**4/24 + 43*h**3/3 - 119*h**2 + 4. Give t(-34).
-16
Let q(d) = -d + 1. Suppose 15 + 6 = 3*y. Suppose 11*j = y*j - 16. Let r be ((-2)/j)/(23/230). Determine q(r).
-4
Let a(j) be the third derivative of -j**5/30 + 11*j**4/24 + j**3/2 + 17*j**2 - 46*j. Determine a(5).
8
Let i(r) = 3*r + 9. Let y be i(-2). Suppose -y*m - 10 = q - 0*q, -5*q - 4*m - 17 = 0. Let w(n) = -n**2 + n. Give w(q).
-2
Let s(o) = -99 + o**2 - 2*o**3 + 39 - o + 57. Determine s(2).
-17
Let u be -4 - (6/(-3) + 4). Let c(h) = -h**2 - 6*h + 5. Let a be c(u). Let d(p) = 19*p - 32*p + 4*p + 7*p + 3. Calculate d(a).
-7
Let f(b) = b**3 - 6. Let u(q) = q**3 + q**2 - 1. Let y be (-9)/(-5) - (-64)/(-80). Let w(a) = y*f(a) - 2*u(a). Suppose 0 = -d - 3. What is w(d)?
5
Let j(w) = w - 77. Let x be j(-24). Let g = 101 + x. Let b(f) = -2*f + 6. Determine b(g).
6
Let m(l) be the second derivative of -l**5/20 + 7*l**4/4 + 4*l**3 - 53*l**2/2 - 22*l - 28. Determine m(22).
-9
Let g(x) = 6 - 2*x + 1 + 2 - 4*x. Let k(w) = -3*w + 4. Let s(q) = -2*g(q) + 5*k(q). Let f = -5446 - -5448. Determine s(f).
-4
Let w be -5 + -1 - ((17 - 17) + 2). Let y(l) = -3*l**3 - 23*l**2 + 6*l - 19. What is y(w)?
-3
Let c(v) = -5*v - 252 + 50*v - 70 + 97. Determine c(5).
0
Let k be ((-5170)/705)/(4/6). Let t(f) = f**3 + 5*f**2 - 67*f - 7. Give t(k).
4
Let p(y) = -y**3 + 10*y**2 + 6*y - 9. Let c be 8/10*(-5610)/(-408). Calculate p(c).
-64
Suppose 0 = 4*f - 4*p - 25 + 5, f + 3*p = 25. Let i(h) = f + 2*h**2 - h - 9 - h. Suppose 14 = 26*b - 19*b. Calculate i(b).
5
Let h(p) = p**3 + 4*p**2 - 2*p - 1. Suppose 22*f = 42*f - 600. Suppose 0*s = 6*s + f. What is h(s)?
-16
Let s = -89 + 84. Let p be (15/s*-1)/((-6)/(-4)). Suppose -4 = -p*r, 2*d = -3*r + 23 - 7. Let i(f) = f**3 - 5*f**2 - 7. Determine i(d).
-7
Suppose -2*d + 3 = 3*t, 0 = 2*t - 7*t + 5*d + 30. Let s(z) = -4 - 3 + t*z + 11 - 7. Let j be ((-15)/6)/(2/4). Calculate s(j).
-18
Suppose -2*b - u = 64, 11*b - 16*b + u = 160. Let q = 32 + b. Let w(y) be the first derivative of y**4/4 + y**3/3 - 8*y - 2. Give w(q).
-8
Let x be (-1*7/(-1) - 1) + -1. Let l(y) be the second derivative of y**3/3 - 2*y**2 - 4*y + 240. Calculate l(x).
6
Let a(y) be the first derivative of 18*y**2 + 178*y - 656. Give a(-5).
-2
Suppose 2*v = -8*h + 4*h - 398, -4*v + 271 = -3*h. Let t = h + 99. Let f(k) = 2*k**2 + k + 1 - 3 - 3*k**2. Calculate f(t).
-4
Let y be (78/(-65) + 24/(-80))*8/(-3). Let p(f) = -f**3 + 2*f - 2. What is p(y)?
-58
Let o = 4406 + -4426. Let h(w) = w**2 + 27*w + 47. Determine h(o).
-93
Let i(m) = m**2 + 7*m - 4. Suppose 81 = x - 176. Let z = -263 + x. What is i(z)?
-10
Let l = -54 - -54. Suppose -3*t - t + 20 = l. Let n(o) = 5*o**2 + 9*o**2 - t*o - 4 - 15*o**2. Give n(-6).
-10
Let s(g) = 2*g**2 + 4*g + 2. Let u be s(-2). Let v be ((-36)/(-24))/((-12)/8*-1). Let d(x) = 2 + 41*x**2 - v - 42*x**2. Calculate d(u).
-3
Let l(p) = p**2 + 2*p + 2. Let q be l(-2). Let s(r) = 4 - 2*r**q - r**2 + 3*r + 4*r**2. Suppose 8491*o = 8494*o + 5*t + 4, -o + 5*t = 8. Calculate s(o).
4
Suppose -2*y + 6*y = 0. Let i(r) = -10*r**3 - 19*r**2 + 10*r + 20. Let m(d) = 9*d**3 + 17*d**2 - 9*d - 17. Let a(w) = -8*i(w) - 9*m(w). Determine a(y).
-7
Let p be ((-16)/6)/((-2)/6) + 1. Suppose 4*h - 12 = -2*v, v - 2*h + 7*h - p = 0. Let l(q) = -1 - v*q + 5*q - 1 + q. Calculate l(3).
4
Let v = 3 + 1. Let u be 